{"id":767,"date":"2022-02-21T15:27:16","date_gmt":"2022-02-21T12:27:16","guid":{"rendered":"https:\/\/gemek.net\/?page_id=767"},"modified":"2022-02-21T15:44:30","modified_gmt":"2022-02-21T12:44:30","slug":"proje-yonetimi","status":"publish","type":"page","link":"https:\/\/gemek.net\/index.php\/proje-yonetimi\/","title":{"rendered":"PROJE Y\u00d6NET\u0130M\u0130"},"content":{"rendered":"\t\t<div data-elementor-type=\"wp-page\" data-elementor-id=\"767\" class=\"elementor elementor-767\" data-elementor-settings=\"[]\">\n\t\t\t\t\t\t\t<div class=\"elementor-section-wrap\">\n\t\t\t\t\t\t\t<section data-particle_enable=\"false\" data-particle-mobile-disabled=\"false\" class=\"elementor-section elementor-top-section elementor-element elementor-element-fe6843b elementor-section-boxed elementor-section-height-default elementor-section-height-default\" data-id=\"fe6843b\" data-element_type=\"section\">\n\t\t\t\t\t\t<div class=\"elementor-container elementor-column-gap-default\">\n\t\t\t\t\t<div class=\"elementor-column elementor-col-100 elementor-top-column elementor-element elementor-element-a5ea2a3\" data-id=\"a5ea2a3\" data-element_type=\"column\">\n\t\t\t<div class=\"elementor-widget-wrap elementor-element-populated\">\n\t\t\t\t\t\t\t\t<div class=\"elementor-element elementor-element-17b6b49 elementor-widget elementor-widget-heading\" data-id=\"17b6b49\" data-element_type=\"widget\" data-widget_type=\"heading.default\">\n\t\t\t\t<div class=\"elementor-widget-container\">\n\t\t\t<h2 class=\"elementor-heading-title elementor-size-large\">PROJE Y\u00d6NET\u0130M\u0130<\/h2>\t\t<\/div>\n\t\t\t\t<\/div>\n\t\t\t\t\t<\/div>\n\t\t<\/div>\n\t\t\t\t\t\t\t<\/div>\n\t\t<\/section>\n\t\t\t\t<section data-particle_enable=\"false\" data-particle-mobile-disabled=\"false\" class=\"elementor-section elementor-top-section elementor-element elementor-element-366f525 elementor-reverse-mobile elementor-section-height-min-height elementor-section-boxed elementor-section-height-default elementor-section-items-middle\" data-id=\"366f525\" data-element_type=\"section\" data-settings=\"{&quot;background_background&quot;:&quot;gradient&quot;}\">\n\t\t\t\t\t\t<div class=\"elementor-container elementor-column-gap-no\">\n\t\t\t\t\t<div class=\"elementor-column elementor-col-100 elementor-top-column elementor-element elementor-element-52d3e92\" data-id=\"52d3e92\" data-element_type=\"column\" data-settings=\"{&quot;background_background&quot;:&quot;classic&quot;}\">\n\t\t\t<div class=\"elementor-widget-wrap elementor-element-populated\">\n\t\t\t\t\t\t\t\t<div class=\"elementor-element elementor-element-8669a86 elementor-widget elementor-widget-text-editor\" data-id=\"8669a86\" data-element_type=\"widget\" data-widget_type=\"text-editor.default\">\n\t\t\t\t<div class=\"elementor-widget-container\">\n\t\t\t\t\t\t\t\t<h1>YATIRIM S\u0130ZDEN M\u00dcHEND\u0130S B\u0130ZDEN !\u00a0 \u00a0 \u00a0 \u00a0 \u00a0 \u00a0 \u00a0\u00a0<\/h1>\t\t\t\t\t\t<\/div>\n\t\t\t\t<\/div>\n\t\t\t\t\t<\/div>\n\t\t<\/div>\n\t\t\t\t\t\t\t<\/div>\n\t\t<\/section>\n\t\t\t\t<section data-particle_enable=\"false\" data-particle-mobile-disabled=\"false\" class=\"elementor-section elementor-top-section elementor-element elementor-element-e297ae6 elementor-reverse-mobile elementor-section-height-min-height elementor-section-boxed elementor-section-height-default elementor-section-items-middle\" data-id=\"e297ae6\" data-element_type=\"section\" data-settings=\"{&quot;background_background&quot;:&quot;gradient&quot;}\">\n\t\t\t\t\t\t<div class=\"elementor-container elementor-column-gap-no\">\n\t\t\t\t\t<div class=\"elementor-column elementor-col-100 elementor-top-column elementor-element elementor-element-3c580d7\" data-id=\"3c580d7\" data-element_type=\"column\" data-settings=\"{&quot;background_background&quot;:&quot;classic&quot;}\">\n\t\t\t<div class=\"elementor-widget-wrap elementor-element-populated\">\n\t\t\t\t\t\t\t\t<div class=\"elementor-element elementor-element-b277b6d elementor-widget elementor-widget-text-editor\" data-id=\"b277b6d\" data-element_type=\"widget\" data-widget_type=\"text-editor.default\">\n\t\t\t\t<div class=\"elementor-widget-container\">\n\t\t\t\t\t\t\t\t<p>\u00a0 \u00a0 \u00a0 \u00a0 \u00a0 \u00a0 Hem kamu, hem de \u00f6zel sekt\u00f6r m\u00fc\u015fterilerimize deneyimli multi-disipliner m\u00fchendislerimizle ticari ve konut, end\u00fcstriyel, a\u011f\u0131rlama ve konaklama, e\u011fitim, sa\u011fl\u0131k, k\u00fclt\u00fcr-sanat, ula\u015f\u0131m, alt yap\u0131, \u00e7evre, su ve at\u0131k su alanlar\u0131nda hizmet verme konusunda uzman\u0131z.<\/p>\t\t\t\t\t\t<\/div>\n\t\t\t\t<\/div>\n\t\t\t\t\t<\/div>\n\t\t<\/div>\n\t\t\t\t\t\t\t<\/div>\n\t\t<\/section>\n\t\t\t\t<section data-particle_enable=\"false\" data-particle-mobile-disabled=\"false\" class=\"elementor-section elementor-top-section elementor-element elementor-element-15fdebce elementor-reverse-mobile elementor-section-full_width elementor-section-height-min-height elementor-section-height-default elementor-section-items-middle\" data-id=\"15fdebce\" data-element_type=\"section\" data-settings=\"{&quot;background_background&quot;:&quot;classic&quot;}\">\n\t\t\t\t\t\t<div class=\"elementor-container elementor-column-gap-default\">\n\t\t\t\t\t<div class=\"elementor-column elementor-col-50 elementor-top-column elementor-element elementor-element-8155e0f\" data-id=\"8155e0f\" data-element_type=\"column\">\n\t\t\t<div class=\"elementor-widget-wrap elementor-element-populated\">\n\t\t\t\t\t\t\t\t<div class=\"elementor-element elementor-element-225a375 elementor-widget elementor-widget-heading\" data-id=\"225a375\" data-element_type=\"widget\" data-widget_type=\"heading.default\">\n\t\t\t\t<div class=\"elementor-widget-container\">\n\t\t\t<h2 class=\"elementor-heading-title elementor-size-default\">PROJE Y\u00d6NET\u0130M\u0130<\/h2>\t\t<\/div>\n\t\t\t\t<\/div>\n\t\t\t\t<div class=\"elementor-element elementor-element-000d419 elementor-widget-divider--view-line elementor-widget elementor-widget-divider\" data-id=\"000d419\" data-element_type=\"widget\" data-widget_type=\"divider.default\">\n\t\t\t\t<div class=\"elementor-widget-container\">\n\t\t\t\t\t<div class=\"elementor-divider\">\n\t\t\t<span class=\"elementor-divider-separator\">\n\t\t\t\t\t\t<\/span>\n\t\t<\/div>\n\t\t\t\t<\/div>\n\t\t\t\t<\/div>\n\t\t\t\t<div class=\"elementor-element elementor-element-ce1ec93 elementor-widget__width-inherit elementor-widget elementor-widget-text-editor\" data-id=\"ce1ec93\" data-element_type=\"widget\" data-widget_type=\"text-editor.default\">\n\t\t\t\t<div class=\"elementor-widget-container\">\n\t\t\t\t\t\t\t\t<p>\u2022 <u>Proje Planlama ve Strateji Olu\u015fturma<\/u><\/p><p>\u2022 <u>B\u00fct\u00e7e Haz\u0131rlanmas\u0131 ve Maliyet Kontrol S\u00fcre\u00e7 Y\u00f6netimi<\/u><\/p><p>\u2022 <em><u>Tasar\u0131m Y\u00f6netimi\u00a0<\/u><\/em>\u00a0<\/p><p>\u2022 <u>\u0130hale ve S\u00f6zle\u015fme Y\u00f6netimi\u00a0<\/u><\/p><p>\u2022 <em><u>De\u011fer M\u00fchendisli\u011fi\u00a0<\/u><\/em>\u00a0<\/p><p><u>\u2022 Sat\u0131n alma ve Lojistik S\u00fcre\u00e7 Y\u00f6netimi<\/u><\/p><p><em><u>\u2022 Zaman Y\u00f6netimi \/ \u0130\u015f Program\u0131 Olu\u015fturulmas\u0131 ve Takip Edilmesi\u00a0<\/u><\/em>\u00a0<\/p><p><u><em>\u2022 \u0130<\/em>n\u015faat Y\u00f6netimi<\/u><\/p><p><em><u>\u2022 Ge\u00e7ici Kabul ve Kesin Kabul S\u00fcre\u00e7 Y\u00f6netimi\u00a0<\/u><\/em>\u00a0<\/p><p><em><u>\u2022Uyu\u015fmazl\u0131k Y\u00f6netimi\u00a0<\/u><\/em><\/p><p><u><em>\u2022<\/em>Dan\u0131\u015fmanl\u0131k Hizmetleri<\/u><\/p><p>\u00a0<\/p>\t\t\t\t\t\t<\/div>\n\t\t\t\t<\/div>\n\t\t\t\t\t<\/div>\n\t\t<\/div>\n\t\t\t\t<div class=\"elementor-column elementor-col-50 elementor-top-column elementor-element elementor-element-6ff333d6\" data-id=\"6ff333d6\" data-element_type=\"column\" data-settings=\"{&quot;background_background&quot;:&quot;classic&quot;}\">\n\t\t\t<div class=\"elementor-widget-wrap elementor-element-populated\">\n\t\t\t\t\t\t\t\t<div class=\"elementor-element elementor-element-70e7ef7 elementor-widget elementor-widget-image\" data-id=\"70e7ef7\" data-element_type=\"widget\" data-widget_type=\"image.default\">\n\t\t\t\t<div class=\"elementor-widget-container\">\n\t\t\t\t\t\t\t\t\t\t\t\t\t\t\t<img width=\"699\" height=\"408\" src=\"https:\/\/gemek.net\/wp-content\/uploads\/2022\/02\/Fotolia_98303431_Subscription_Monthly_M-699x408-1.jpg\" class=\"attachment-1536x1536 size-1536x1536\" alt=\"\" loading=\"lazy\" srcset=\"https:\/\/gemek.net\/wp-content\/uploads\/2022\/02\/Fotolia_98303431_Subscription_Monthly_M-699x408-1.jpg 699w, https:\/\/gemek.net\/wp-content\/uploads\/2022\/02\/Fotolia_98303431_Subscription_Monthly_M-699x408-1-300x175.jpg 300w\" sizes=\"(max-width: 699px) 100vw, 699px\" \/>\t\t\t\t\t\t\t\t\t\t\t\t\t\t\t<\/div>\n\t\t\t\t<\/div>\n\t\t\t\t\t<\/div>\n\t\t<\/div>\n\t\t\t\t\t\t\t<\/div>\n\t\t<\/section>\n\t\t\t\t\t\t<\/div>\n\t\t\t\t\t<\/div>\n\t\t","protected":false},"excerpt":{"rendered":"<p>PROJE Y\u00d6NET\u0130M\u0130 YATIRIM S\u0130ZDEN M\u00dcHEND\u0130S B\u0130ZDEN !\u00a0 \u00a0 \u00a0 \u00a0 \u00a0 \u00a0 \u00a0\u00a0 \u00a0 \u00a0 \u00a0 \u00a0 \u00a0 \u00a0 Hem kamu, hem de \u00f6zel sekt\u00f6r m\u00fc\u015fterilerimize deneyimli multi-disipliner m\u00fchendislerimizle ticari ve konut, end\u00fcstriyel, a\u011f\u0131rlama ve konaklama, e\u011fitim, sa\u011fl\u0131k, k\u00fclt\u00fcr-sanat, ula\u015f\u0131m, alt yap\u0131, \u00e7evre, su ve at\u0131k su alanlar\u0131nda hizmet verme konusunda uzman\u0131z. PROJE Y\u00d6NET\u0130M\u0130 \u2022 [&hellip;]<\/p>\n","protected":false},"author":1,"featured_media":0,"parent":0,"menu_order":0,"comment_status":"closed","ping_status":"closed","template":"elementor_header_footer","meta":{"om_disable_all_campaigns":false,"_monsterinsights_skip_tracking":false,"_monsterinsights_sitenote_active":false,"_monsterinsights_sitenote_note":"","_monsterinsights_sitenote_category":0},"_links":{"self":[{"href":"https:\/\/gemek.net\/index.php\/wp-json\/wp\/v2\/pages\/767"}],"collection":[{"href":"https:\/\/gemek.net\/index.php\/wp-json\/wp\/v2\/pages"}],"about":[{"href":"https:\/\/gemek.net\/index.php\/wp-json\/wp\/v2\/types\/page"}],"author":[{"embeddable":true,"href":"https:\/\/gemek.net\/index.php\/wp-json\/wp\/v2\/users\/1"}],"replies":[{"embeddable":true,"href":"https:\/\/gemek.net\/index.php\/wp-json\/wp\/v2\/comments?post=767"}],"version-history":[{"count":10,"href":"https:\/\/gemek.net\/index.php\/wp-json\/wp\/v2\/pages\/767\/revisions"}],"predecessor-version":[{"id":780,"href":"https:\/\/gemek.net\/index.php\/wp-json\/wp\/v2\/pages\/767\/revisions\/780"}],"wp:attachment":[{"href":"https:\/\/gemek.net\/index.php\/wp-json\/wp\/v2\/media?parent=767"}],"curies":[{"name":"wp","href":"https:\/\/api.w.org\/{rel}","templated":true}]}}